{"id":859,"date":"2024-02-13T01:17:30","date_gmt":"2024-02-13T00:17:30","guid":{"rendered":"https:\/\/nicolasduclos.fr\/WordPress3\/?post_type=tribe_events&#038;p=859"},"modified":"2024-02-13T01:17:30","modified_gmt":"2024-02-13T00:17:30","slug":"vincent-ahn-et-ahn-et-ses-invites-magiques-dont-nicolas-duclos","status":"publish","type":"tribe_events","link":"https:\/\/nicolasduclos.fr\/WordPress3\/event\/vincent-ahn-et-ahn-et-ses-invites-magiques-dont-nicolas-duclos\/","title":{"rendered":"Vincent Ahn et Ahn et ses invit\u00e9s Magiques (dont Nicolas Duclos)"},"content":{"rendered":"<p>Le dimanche 25 f\u00e9vrier \u00e0 18h au Sc\u00e9nobar, Vincent Ahn invite des artistes qui ont fait les beaux jours du Magique, le c\u00e9l\u00e8bre cabaret de Martine et Marc Havet ferm\u00e9 il y a quelques ann\u00e9es mais qui existe toujours \u00ab\u00a0hors les murs\u00a0\u00bb.<\/p>\n<p>Avec : Lise Cabaret, Marie Volta, Nathalie Solence et Claude Gaisne, Jules Bourdeaux, Rapha\u00eble Selval, Patrice Jeanne, Nicolas Duclos et Marc Havet.<\/p>\n<p>Teaser :\u00a0<a href=\"https:\/\/youtu.be\/24yU-O4hzog?si=_g7xDee56XPZMHC3\">https:\/\/youtu.be\/24yU-O4hzog?si=_g7xDee56XPZMHC3<\/a><\/p>\n<p>Participation libre<\/p>\n","protected":false},"excerpt":{"rendered":"<p>Le dimanche 25 f\u00e9vrier \u00e0 18h au Sc\u00e9nobar, Vincent Ahn invite des artistes qui ont fait les beaux jours du Magique, le c\u00e9l\u00e8bre cabaret de Martine et Marc Havet ferm\u00e9 [&hellip;]<\/p>\n","protected":false},"author":1,"featured_media":0,"comment_status":"closed","ping_status":"closed","template":"","meta":{"_EventAllDay":false,"_EventTimezone":"Europe\/Paris","_EventStartDate":"2024-02-25 19:00:00","_EventEndDate":"2024-02-25 22:00:00","_EventStartDateUTC":"2024-02-25 18:00:00","_EventEndDateUTC":"2024-02-25 21:00:00","_EventShowMap":true,"_EventShowMapLink":true,"_EventURL":"","_EventCost":"","_EventCostDescription":"","_EventCurrencySymbol":"","_EventCurrencyCode":"","_EventCurrencyPosition":"prefix","_EventDateTimeSeparator":"","_EventTimeRangeSeparator":"","_EventOrganizerID":[],"_EventVenueID":[620],"_OrganizerEmail":"","_OrganizerPhone":"","_OrganizerWebsite":"","_VenueAddress":"","_VenueCity":"","_VenueCountry":"","_VenueProvince":"","_VenueState":"","_VenueZip":"","_VenuePhone":"","_VenueURL":"","_VenueStateProvince":"","_VenueLat":"","_VenueLng":"","_VenueShowMap":false,"_VenueShowMapLink":false,"_tribe_events_status":"","_tribe_events_status_reason":"","footnotes":""},"tags":[],"tribe_events_cat":[],"class_list":["post-859","tribe_events","type-tribe_events","status-publish","hentry"],"_links":{"self":[{"href":"https:\/\/nicolasduclos.fr\/WordPress3\/wp-json\/wp\/v2\/tribe_events\/859","targetHints":{"allow":["GET"]}}],"collection":[{"href":"https:\/\/nicolasduclos.fr\/WordPress3\/wp-json\/wp\/v2\/tribe_events"}],"about":[{"href":"https:\/\/nicolasduclos.fr\/WordPress3\/wp-json\/wp\/v2\/types\/tribe_events"}],"author":[{"embeddable":true,"href":"https:\/\/nicolasduclos.fr\/WordPress3\/wp-json\/wp\/v2\/users\/1"}],"replies":[{"embeddable":true,"href":"https:\/\/nicolasduclos.fr\/WordPress3\/wp-json\/wp\/v2\/comments?post=859"}],"version-history":[{"count":1,"href":"https:\/\/nicolasduclos.fr\/WordPress3\/wp-json\/wp\/v2\/tribe_events\/859\/revisions"}],"predecessor-version":[{"id":860,"href":"https:\/\/nicolasduclos.fr\/WordPress3\/wp-json\/wp\/v2\/tribe_events\/859\/revisions\/860"}],"wp:attachment":[{"href":"https:\/\/nicolasduclos.fr\/WordPress3\/wp-json\/wp\/v2\/media?parent=859"}],"wp:term":[{"taxonomy":"post_tag","embeddable":true,"href":"https:\/\/nicolasduclos.fr\/WordPress3\/wp-json\/wp\/v2\/tags?post=859"},{"taxonomy":"tribe_events_cat","embeddable":true,"href":"https:\/\/nicolasduclos.fr\/WordPress3\/wp-json\/wp\/v2\/tribe_events_cat?post=859"}],"curies":[{"name":"wp","href":"https:\/\/api.w.org\/{rel}","templated":true}]}}

Vincent Ahn et Ahn et ses invités Magiques (dont Nicolas Duclos)

<p>Le dimanche 25 février à 18h au Scénobar, Vincent Ahn invite des artistes qui ont fait les beaux jours du Magique, le célèbre cabaret de Martine et Marc Havet fermé il y a quelques années mais qui existe toujours « hors les murs ».</p>
<p>Avec : Lise Cabaret, Marie Volta, Nathalie Solence et Claude Gaisne, Jules Bourdeaux, Raphaële Selval, Patrice Jeanne, Nicolas Duclos et Marc Havet.</p>
<p>Teaser : <a href="https://youtu.be/24yU-O4hzog?si=_g7xDee56XPZMHC3">https://youtu.be/24yU-O4hzog?si=_g7xDee56XPZMHC3</a></p>
<p>Participation libre</p>

<p>Le dimanche 25 février à 18h au Scénobar, Vincent Ahn invite des artistes qui ont fait les beaux jours du Magique, le célèbre cabaret de Martine et Marc Havet fermé [&hellip;]</p>
