{"id":857,"date":"2024-02-10T23:48:05","date_gmt":"2024-02-10T22:48:05","guid":{"rendered":"https:\/\/nicolasduclos.fr\/WordPress3\/?post_type=tribe_events&#038;p=857"},"modified":"2024-03-10T13:17:59","modified_gmt":"2024-03-10T12:17:59","slug":"aujourdhui-en-trio-nicolas-duclos-chante-ses-chanson-alphonse-bisaillon","status":"publish","type":"tribe_events","link":"https:\/\/nicolasduclos.fr\/WordPress3\/event\/aujourdhui-en-trio-nicolas-duclos-chante-ses-chanson-alphonse-bisaillon\/","title":{"rendered":"\u00ab Aujourd\u2019hui \u00bb en trio (Nicolas Duclos chante ses chanson) + Alphonse Bisaillon"},"content":{"rendered":"<p>&nbsp;<\/p>\n<p>j&rsquo;avais parl\u00e9 \u00e0 certain.e.s d&rsquo;un concert le <b>samedi 6 avril au Scenobar<\/b>, avec mes chansons, en trio et comme invit\u00e9 le fantastique Alphonse Bisaillon qui vit au Qu\u00e9bec. Finalement Alphonse ne pourra pas \u00eatre \u00e0 Paris ce jour-l\u00e0 et comme ce concert serait venu juste une semaine apr\u00e8s l&rsquo;importante date\u00a0 au PIC pour \u00ab\u00a0Anne tu es l\u00e0\u00a0\u00bb, nous avons pr\u00e9f\u00e9r\u00e9 l&rsquo;<b>annuler <\/b>tout bonnement. Tout ceci en concertation avec le\u00a0Scenobar\u00a0o\u00f9 je retournerai prochainement. En attendant, le prochain concert pr\u00e9vu en trio avec mes chansons se tiendra le 18 mai \u00e0 20h \u00e0 l&rsquo;Anecdote (237 rue de Bercy, Paris 12\u00e8me). Quelques teasers en trio pour vous faire patienter : <a href=\"https:\/\/youtu.be\/ABn3t4QKCQE?si=LNeO8Z9OYevOfcXt\">teaser n\u00b01<\/a> , <a href=\"https:\/\/youtu.be\/GxUqwhA4YCE?si=OfAZ45ECdo-1Rh8j\">teaser n\u00b02<\/a> , <a href=\"https:\/\/youtu.be\/0bbH4WRH0Xk\">pr\u00e9sentation de Wilfried (accord\u00e9on)<\/a> et <a href=\"https:\/\/youtu.be\/GteXsc6VVGg?si=brzQ1iSAyuzeVVtN\">de Nadim (saxophone)<\/a>.\u00a0 Et pour \u00e9couter Alphonse retenez la date du 29 mars (le lieu parisien sera annonc\u00e9 3 jours avant).<\/p>\n<p>D\u00e9couvrez le tr\u00e8s \u00e9tonnant et attachant Alphonse Bisaillon (auteur-compositeur-interpr\u00e8te fantasque et fantastique venu du Qu\u00e9bec et de passage \u00e0 Paris) ici par exemple : <a href=\"https:\/\/youtu.be\/wDbWKQinkew?si=lPFMweU32wlzFpiH\">https:\/\/youtu.be\/wDbWKQinkew?si=lPFMweU32wlzFpiH<\/a> ou bien l\u00e0\u00a0<a href=\"https:\/\/alphonse-bisaillon.com\/\">https:\/\/alphonse-bisaillon.com\/<\/a><\/p>\n","protected":false},"excerpt":{"rendered":"<p>&nbsp; j&rsquo;avais parl\u00e9 \u00e0 certain.e.s d&rsquo;un concert le samedi 6 avril au Scenobar, avec mes chansons, en trio et comme invit\u00e9 le fantastique Alphonse Bisaillon qui vit au Qu\u00e9bec. Finalement [&hellip;]<\/p>\n","protected":false},"author":1,"featured_media":0,"comment_status":"closed","ping_status":"closed","template":"","meta":{"_EventAllDay":false,"_EventTimezone":"Europe\/Paris","_EventStartDate":"2024-04-06 20:00:00","_EventEndDate":"2024-04-06 22:30:00","_EventStartDateUTC":"2024-04-06 18:00:00","_EventEndDateUTC":"2024-04-06 20:30:00","_EventShowMap":true,"_EventShowMapLink":true,"_EventURL":"","_EventCost":"","_EventCostDescription":"","_EventCurrencySymbol":"","_EventCurrencyCode":"","_EventCurrencyPosition":"prefix","_EventDateTimeSeparator":"","_EventTimeRangeSeparator":"","_EventOrganizerID":[],"_EventVenueID":[],"_OrganizerEmail":"","_OrganizerPhone":"","_OrganizerWebsite":"","_VenueAddress":"","_VenueCity":"","_VenueCountry":"","_VenueProvince":"","_VenueState":"","_VenueZip":"","_VenuePhone":"","_VenueURL":"","_VenueStateProvince":"","_VenueLat":"","_VenueLng":"","_VenueShowMap":false,"_VenueShowMapLink":false,"_tribe_events_status":"canceled","_tribe_events_status_reason":"","footnotes":""},"tags":[],"tribe_events_cat":[],"class_list":["post-857","tribe_events","type-tribe_events","status-publish","hentry","tribe-events-status__list-event-canceled"],"_links":{"self":[{"href":"https:\/\/nicolasduclos.fr\/WordPress3\/wp-json\/wp\/v2\/tribe_events\/857","targetHints":{"allow":["GET"]}}],"collection":[{"href":"https:\/\/nicolasduclos.fr\/WordPress3\/wp-json\/wp\/v2\/tribe_events"}],"about":[{"href":"https:\/\/nicolasduclos.fr\/WordPress3\/wp-json\/wp\/v2\/types\/tribe_events"}],"author":[{"embeddable":true,"href":"https:\/\/nicolasduclos.fr\/WordPress3\/wp-json\/wp\/v2\/users\/1"}],"replies":[{"embeddable":true,"href":"https:\/\/nicolasduclos.fr\/WordPress3\/wp-json\/wp\/v2\/comments?post=857"}],"version-history":[{"count":4,"href":"https:\/\/nicolasduclos.fr\/WordPress3\/wp-json\/wp\/v2\/tribe_events\/857\/revisions"}],"predecessor-version":[{"id":870,"href":"https:\/\/nicolasduclos.fr\/WordPress3\/wp-json\/wp\/v2\/tribe_events\/857\/revisions\/870"}],"wp:attachment":[{"href":"https:\/\/nicolasduclos.fr\/WordPress3\/wp-json\/wp\/v2\/media?parent=857"}],"wp:term":[{"taxonomy":"post_tag","embeddable":true,"href":"https:\/\/nicolasduclos.fr\/WordPress3\/wp-json\/wp\/v2\/tags?post=857"},{"taxonomy":"tribe_events_cat","embeddable":true,"href":"https:\/\/nicolasduclos.fr\/WordPress3\/wp-json\/wp\/v2\/tribe_events_cat?post=857"}],"curies":[{"name":"wp","href":"https:\/\/api.w.org\/{rel}","templated":true}]}}

<p>&nbsp;</p>
<p>j&rsquo;avais parlé à certain.e.s d&rsquo;un concert le <b>samedi 6 avril au Scenobar</b>, avec mes chansons, en trio et comme invité le fantastique Alphonse Bisaillon qui vit au Québec. Finalement Alphonse ne pourra pas être à Paris ce jour-là et comme ce concert serait venu juste une semaine après l&rsquo;importante date  au PIC pour « Anne tu es là », nous avons préféré l&rsquo;<b>annuler </b>tout bonnement. Tout ceci en concertation avec le Scenobar où je retournerai prochainement. En attendant, le prochain concert prévu en trio avec mes chansons se tiendra le 18 mai à 20h à l&rsquo;Anecdote (237 rue de Bercy, Paris 12ème). Quelques teasers en trio pour vous faire patienter : <a href="https://youtu.be/ABn3t4QKCQE?si=LNeO8Z9OYevOfcXt">teaser n°1</a> , <a href="https://youtu.be/GxUqwhA4YCE?si=OfAZ45ECdo-1Rh8j">teaser n°2</a> , <a href="https://youtu.be/0bbH4WRH0Xk">présentation de Wilfried (accordéon)</a> et <a href="https://youtu.be/GteXsc6VVGg?si=brzQ1iSAyuzeVVtN">de Nadim (saxophone)</a>.  Et pour écouter Alphonse retenez la date du 29 mars (le lieu parisien sera annoncé 3 jours avant).</p>
<p>Découvrez le très étonnant et attachant Alphonse Bisaillon (auteur-compositeur-interprète fantasque et fantastique venu du Québec et de passage à Paris) ici par exemple : <a href="https://youtu.be/wDbWKQinkew?si=lPFMweU32wlzFpiH">https://youtu.be/wDbWKQinkew?si=lPFMweU32wlzFpiH</a> ou bien là <a href="https://alphonse-bisaillon.com/">https://alphonse-bisaillon.com/</a></p>

<p>&nbsp; j&rsquo;avais parlé à certain.e.s d&rsquo;un concert le samedi 6 avril au Scenobar, avec mes chansons, en trio et comme invité le fantastique Alphonse Bisaillon qui vit au Québec. Finalement [&hellip;]</p>
