{"id":854,"date":"2024-02-10T23:38:10","date_gmt":"2024-02-10T22:38:10","guid":{"rendered":"https:\/\/nicolasduclos.fr\/WordPress3\/?post_type=tribe_events&#038;p=854"},"modified":"2024-03-10T13:14:37","modified_gmt":"2024-03-10T12:14:37","slug":"le-temps-de-la-serize","status":"publish","type":"tribe_events","link":"https:\/\/nicolasduclos.fr\/WordPress3\/event\/le-temps-de-la-serize\/","title":{"rendered":"Le temps de la Serize"},"content":{"rendered":"<p style=\"text-align: center;\">Spectacle \u00e0 3 voix (Nathalie Solence, Marie Volta et Nicolas Duclos) autour du r\u00e9pertoire de Jacques Serizier, auteur-compositeur-interpr\u00e8te magnifique et trop m\u00e9connu.<\/p>\n<p>avec Claude Gaisne (guitare), Patricia Hue (piano) et Malek Sadki (contrebasse).<\/p>\n<p>Participation libre (montant sugg\u00e9r\u00e9 : 10\u20ac)<\/p>\n<p>&nbsp;<\/p>\n<p>4 soir\u00e9es indispensables, avec l\u2019accueil chaleureux de 4 complices, Dani\u00e8le Deny, Nathalie Solence, Dani\u00e8le Adrienssens et Monique Haillant, o\u00f9 vingt-cinq artistes d\u2019aujourd\u2019hui mettront \u00e0 l\u2019honneur <b>Patrick Deny<\/b>,<b> Jacques Serizier<\/b>, V<b>ania Adrien Sens<\/b> et <b>Bernard Haillant<\/b>, \u00e0 Couleur d\u2019Orange, 9 rue Barb\u00e8s \u00e0 Montreuil, les 14, 15, 16, 17 mars. R\u00e9servation conseill\u00e9e au 09 60 00 40 41 ou par mail \u00e0 remonterlariviere@orange.fr<\/p>\n<p>Pour ma part, je chanterai 3 chansons de\u00a0<b>Patrick Deny<\/b>\u00a0le<b>\u00a0jeudi 14 mars<\/b>, et le lendemain, le\u00a0<b>vendredi 15 mars<\/b>, nous aurons la joie\u00a0<b>Nathalie Solence<\/b>,\u00a0<b>Marie Volta<\/b>\u00a0et moi, avec nos 3 musicien.ne.s de haute vol\u00e9e\u00a0<b>Patricia Hue<\/b>,\u00a0<b>Claude Gaisne<\/b>\u00a0et\u00a0<b>Malek Sadki<\/b>, de vous interpr\u00e9ter un choix toujours nouveau et nouvellement mis en sc\u00e8ne de chansons et textes po\u00e9tiques, dr\u00f4les et intenses de\u00a0<b>Jacques Serizier.\u00a0<\/b>Voici une des chansons que j&rsquo;interpr\u00e8te dans ce spectacle (film\u00e9e il y a quelques ann\u00e9es au vingti\u00e8me Th\u00e9\u00e2tre) :\u00a0<b><a href=\"https:\/\/youtu.be\/jq1zly1dp20?si=d130FkJQKHNaPXl7\">Mon bateau<\/a><\/b>\u00a0\u00a0.<\/p>\n<p>&nbsp;<\/p>\n<p><a href=\"https:\/\/nicolasduclos.fr\/WordPress3\/event\/le-temps-de-la-serize\/flyer-page-4\/\" rel=\"attachment wp-att-863\"><img loading=\"lazy\" decoding=\"async\" class=\"size-medium wp-image-863 alignnone\" src=\"https:\/\/nicolasduclos.fr\/WordPress3\/wp-content\/uploads\/2024\/02\/Flyer-page-4-295x300.jpg\" alt=\"\" width=\"295\" height=\"300\" srcset=\"https:\/\/nicolasduclos.fr\/WordPress3\/wp-content\/uploads\/2024\/02\/Flyer-page-4-295x300.jpg 295w, https:\/\/nicolasduclos.fr\/WordPress3\/wp-content\/uploads\/2024\/02\/Flyer-page-4-768x782.jpg 768w, https:\/\/nicolasduclos.fr\/WordPress3\/wp-content\/uploads\/2024\/02\/Flyer-page-4.jpg 791w\" sizes=\"auto, (max-width: 295px) 100vw, 295px\" \/><\/a> <a href=\"https:\/\/nicolasduclos.fr\/WordPress3\/event\/le-temps-de-la-serize\/couv-4-pho1dd4c6-doc\/\" rel=\"attachment wp-att-864\"><img loading=\"lazy\" decoding=\"async\" class=\"size-medium wp-image-864 alignnone\" src=\"https:\/\/nicolasduclos.fr\/WordPress3\/wp-content\/uploads\/2024\/02\/Printemps-des-poetes-page-1-300x300.jpg\" alt=\"\" width=\"300\" height=\"300\" srcset=\"https:\/\/nicolasduclos.fr\/WordPress3\/wp-content\/uploads\/2024\/02\/Printemps-des-poetes-page-1-300x300.jpg 300w, https:\/\/nicolasduclos.fr\/WordPress3\/wp-content\/uploads\/2024\/02\/Printemps-des-poetes-page-1-150x150.jpg 150w, https:\/\/nicolasduclos.fr\/WordPress3\/wp-content\/uploads\/2024\/02\/Printemps-des-poetes-page-1-768x768.jpg 768w, https:\/\/nicolasduclos.fr\/WordPress3\/wp-content\/uploads\/2024\/02\/Printemps-des-poetes-page-1.jpg 791w\" sizes=\"auto, (max-width: 300px) 100vw, 300px\" \/><\/a><\/p>\n<p>&nbsp;<\/p>\n<p>&nbsp;<\/p>\n","protected":false},"excerpt":{"rendered":"<p>Spectacle \u00e0 3 voix (Nathalie Solence, Marie Volta et Nicolas Duclos) autour du r\u00e9pertoire de Jacques Serizier, auteur-compositeur-interpr\u00e8te magnifique et trop m\u00e9connu. avec Claude Gaisne (guitare), Patricia Hue (piano) et [&hellip;]<\/p>\n","protected":false},"author":1,"featured_media":0,"comment_status":"closed","ping_status":"closed","template":"","meta":{"_EventAllDay":false,"_EventTimezone":"Europe\/Paris","_EventStartDate":"2024-03-15 20:00:00","_EventEndDate":"2024-03-15 22:00:00","_EventStartDateUTC":"2024-03-15 19:00:00","_EventEndDateUTC":"2024-03-15 21:00:00","_EventShowMap":true,"_EventShowMapLink":true,"_EventURL":"","_EventCost":"","_EventCostDescription":"","_EventCurrencySymbol":"","_EventCurrencyCode":"","_EventCurrencyPosition":"prefix","_EventDateTimeSeparator":"","_EventTimeRangeSeparator":"","_EventOrganizerID":[],"_EventVenueID":[855],"_OrganizerEmail":"","_OrganizerPhone":"","_OrganizerWebsite":"","_VenueAddress":"","_VenueCity":"","_VenueCountry":"","_VenueProvince":"","_VenueState":"","_VenueZip":"","_VenuePhone":"","_VenueURL":"","_VenueStateProvince":"","_VenueLat":"","_VenueLng":"","_VenueShowMap":false,"_VenueShowMapLink":false,"_tribe_events_status":"","_tribe_events_status_reason":"","footnotes":""},"tags":[],"tribe_events_cat":[],"class_list":["post-854","tribe_events","type-tribe_events","status-publish","hentry"],"_links":{"self":[{"href":"https:\/\/nicolasduclos.fr\/WordPress3\/wp-json\/wp\/v2\/tribe_events\/854","targetHints":{"allow":["GET"]}}],"collection":[{"href":"https:\/\/nicolasduclos.fr\/WordPress3\/wp-json\/wp\/v2\/tribe_events"}],"about":[{"href":"https:\/\/nicolasduclos.fr\/WordPress3\/wp-json\/wp\/v2\/types\/tribe_events"}],"author":[{"embeddable":true,"href":"https:\/\/nicolasduclos.fr\/WordPress3\/wp-json\/wp\/v2\/users\/1"}],"replies":[{"embeddable":true,"href":"https:\/\/nicolasduclos.fr\/WordPress3\/wp-json\/wp\/v2\/comments?post=854"}],"version-history":[{"count":4,"href":"https:\/\/nicolasduclos.fr\/WordPress3\/wp-json\/wp\/v2\/tribe_events\/854\/revisions"}],"predecessor-version":[{"id":867,"href":"https:\/\/nicolasduclos.fr\/WordPress3\/wp-json\/wp\/v2\/tribe_events\/854\/revisions\/867"}],"wp:attachment":[{"href":"https:\/\/nicolasduclos.fr\/WordPress3\/wp-json\/wp\/v2\/media?parent=854"}],"wp:term":[{"taxonomy":"post_tag","embeddable":true,"href":"https:\/\/nicolasduclos.fr\/WordPress3\/wp-json\/wp\/v2\/tags?post=854"},{"taxonomy":"tribe_events_cat","embeddable":true,"href":"https:\/\/nicolasduclos.fr\/WordPress3\/wp-json\/wp\/v2\/tribe_events_cat?post=854"}],"curies":[{"name":"wp","href":"https:\/\/api.w.org\/{rel}","templated":true}]}}

<p style="text-align: center;">Spectacle à 3 voix (Nathalie Solence, Marie Volta et Nicolas Duclos) autour du répertoire de Jacques Serizier, auteur-compositeur-interprète magnifique et trop méconnu.</p>
<p>avec Claude Gaisne (guitare), Patricia Hue (piano) et Malek Sadki (contrebasse).</p>
<p>Participation libre (montant suggéré : 10€)</p>
<p>&nbsp;</p>
<p>4 soirées indispensables, avec l’accueil chaleureux de 4 complices, Danièle Deny, Nathalie Solence, Danièle Adrienssens et Monique Haillant, où vingt-cinq artistes d’aujourd’hui mettront à l’honneur <b>Patrick Deny</b>,<b> Jacques Serizier</b>, V<b>ania Adrien Sens</b> et <b>Bernard Haillant</b>, à Couleur d’Orange, 9 rue Barbès à Montreuil, les 14, 15, 16, 17 mars. Réservation conseillée au 09 60 00 40 41 ou par mail à remonterlariviere@orange.fr</p>
<p>Pour ma part, je chanterai 3 chansons de <b>Patrick Deny</b> le<b> jeudi 14 mars</b>, et le lendemain, le <b>vendredi 15 mars</b>, nous aurons la joie <b>Nathalie Solence</b>, <b>Marie Volta</b> et moi, avec nos 3 musicien.ne.s de haute volée <b>Patricia Hue</b>, <b>Claude Gaisne</b> et <b>Malek Sadki</b>, de vous interpréter un choix toujours nouveau et nouvellement mis en scène de chansons et textes poétiques, drôles et intenses de <b>Jacques Serizier. </b>Voici une des chansons que j&rsquo;interprète dans ce spectacle (filmée il y a quelques années au vingtième Théâtre) : <b><a href="https://youtu.be/jq1zly1dp20?si=d130FkJQKHNaPXl7">Mon bateau</a></b>  .</p>
<p>&nbsp;</p>
<p><a href="https://nicolasduclos.fr/WordPress3/event/le-temps-de-la-serize/flyer-page-4/" rel="attachment wp-att-863"><img loading="lazy" decoding="async" class="size-medium wp-image-863 alignnone" src="https://nicolasduclos.fr/WordPress3/wp-content/uploads/2024/02/Flyer-page-4-295x300.jpg" alt="" width="295" height="300" srcset="https://nicolasduclos.fr/WordPress3/wp-content/uploads/2024/02/Flyer-page-4-295x300.jpg 295w, https://nicolasduclos.fr/WordPress3/wp-content/uploads/2024/02/Flyer-page-4-768x782.jpg 768w, https://nicolasduclos.fr/WordPress3/wp-content/uploads/2024/02/Flyer-page-4.jpg 791w" sizes="auto, (max-width: 295px) 100vw, 295px" /></a> <a href="https://nicolasduclos.fr/WordPress3/event/le-temps-de-la-serize/couv-4-pho1dd4c6-doc/" rel="attachment wp-att-864"><img loading="lazy" decoding="async" class="size-medium wp-image-864 alignnone" src="https://nicolasduclos.fr/WordPress3/wp-content/uploads/2024/02/Printemps-des-poetes-page-1-300x300.jpg" alt="" width="300" height="300" srcset="https://nicolasduclos.fr/WordPress3/wp-content/uploads/2024/02/Printemps-des-poetes-page-1-300x300.jpg 300w, https://nicolasduclos.fr/WordPress3/wp-content/uploads/2024/02/Printemps-des-poetes-page-1-150x150.jpg 150w, https://nicolasduclos.fr/WordPress3/wp-content/uploads/2024/02/Printemps-des-poetes-page-1-768x768.jpg 768w, https://nicolasduclos.fr/WordPress3/wp-content/uploads/2024/02/Printemps-des-poetes-page-1.jpg 791w" sizes="auto, (max-width: 300px) 100vw, 300px" /></a></p>
<p>&nbsp;</p>
<p>&nbsp;</p>

<p>Spectacle à 3 voix (Nathalie Solence, Marie Volta et Nicolas Duclos) autour du répertoire de Jacques Serizier, auteur-compositeur-interprète magnifique et trop méconnu. avec Claude Gaisne (guitare), Patricia Hue (piano) et [&hellip;]</p>
