{"id":848,"date":"2024-02-10T23:22:39","date_gmt":"2024-02-10T22:22:39","guid":{"rendered":"https:\/\/nicolasduclos.fr\/WordPress3\/?post_type=tribe_events&#038;p=848"},"modified":"2024-03-10T13:19:06","modified_gmt":"2024-03-10T12:19:06","slug":"concert-en-mode-intime-en-preparation-du-pic-du-30-3-anne-tu-es-la-nicolas-duclos-chante-anne-sylvestre","status":"publish","type":"tribe_events","link":"https:\/\/nicolasduclos.fr\/WordPress3\/event\/concert-en-mode-intime-en-preparation-du-pic-du-30-3-anne-tu-es-la-nicolas-duclos-chante-anne-sylvestre\/","title":{"rendered":"Concert en mode \u00ab\u00a0intime\u00a0\u00bb en pr\u00e9paration du PIC du 30\/3 : \u00ab Anne tu es l\u00e0 \u00bb (Nicolas Duclos chante Anne Sylvestre)"},"content":{"rendered":"<p>Concert en mode \u00ab\u00a0intime\u00a0\u00bb en pr\u00e9paration de la repr\u00e9sentation au Petit Ivry Cabaret du 30\/3 pour lequel vous pouvez d\u00e9j\u00e0 r\u00e9server ici :\u00a0<a href=\"https:\/\/petitivrycabaret.fr\/2023\/03\/30\/nicolas-duclos-anne-tu-es-la\/\">https:\/\/petitivrycabaret.fr\/2023\/03\/30\/nicolas-duclos-anne-tu-es-la\/<\/a><\/p>\n<p>Participation libre (montant sugg\u00e9r\u00e9 : 10\u20ac)<\/p>\n<p>&nbsp;<\/p>\n","protected":false},"excerpt":{"rendered":"<p>Concert en mode \u00ab\u00a0intime\u00a0\u00bb en pr\u00e9paration de la repr\u00e9sentation au Petit Ivry Cabaret du 30\/3 pour lequel vous pouvez d\u00e9j\u00e0 r\u00e9server ici :\u00a0https:\/\/petitivrycabaret.fr\/2023\/03\/30\/nicolas-duclos-anne-tu-es-la\/ Participation libre (montant sugg\u00e9r\u00e9 : 10\u20ac) &nbsp;<\/p>\n","protected":false},"author":1,"featured_media":0,"comment_status":"closed","ping_status":"closed","template":"","meta":{"_EventAllDay":false,"_EventTimezone":"Europe\/Paris","_EventStartDate":"2024-03-11 20:00:00","_EventEndDate":"2024-03-11 21:30:00","_EventStartDateUTC":"2024-03-11 19:00:00","_EventEndDateUTC":"2024-03-11 20:30:00","_EventShowMap":true,"_EventShowMapLink":true,"_EventURL":"","_EventCost":"","_EventCostDescription":"","_EventCurrencySymbol":"","_EventCurrencyCode":"","_EventCurrencyPosition":"prefix","_EventDateTimeSeparator":"","_EventTimeRangeSeparator":"","_EventOrganizerID":[],"_EventVenueID":[837],"_OrganizerEmail":"","_OrganizerPhone":"","_OrganizerWebsite":"","_VenueAddress":"","_VenueCity":"","_VenueCountry":"","_VenueProvince":"","_VenueState":"","_VenueZip":"","_VenuePhone":"","_VenueURL":"","_VenueStateProvince":"","_VenueLat":"","_VenueLng":"","_VenueShowMap":false,"_VenueShowMapLink":false,"_tribe_events_status":"","_tribe_events_status_reason":"","footnotes":""},"tags":[],"tribe_events_cat":[],"class_list":["post-848","tribe_events","type-tribe_events","status-publish","hentry"],"_links":{"self":[{"href":"https:\/\/nicolasduclos.fr\/WordPress3\/wp-json\/wp\/v2\/tribe_events\/848","targetHints":{"allow":["GET"]}}],"collection":[{"href":"https:\/\/nicolasduclos.fr\/WordPress3\/wp-json\/wp\/v2\/tribe_events"}],"about":[{"href":"https:\/\/nicolasduclos.fr\/WordPress3\/wp-json\/wp\/v2\/types\/tribe_events"}],"author":[{"embeddable":true,"href":"https:\/\/nicolasduclos.fr\/WordPress3\/wp-json\/wp\/v2\/users\/1"}],"replies":[{"embeddable":true,"href":"https:\/\/nicolasduclos.fr\/WordPress3\/wp-json\/wp\/v2\/comments?post=848"}],"version-history":[{"count":4,"href":"https:\/\/nicolasduclos.fr\/WordPress3\/wp-json\/wp\/v2\/tribe_events\/848\/revisions"}],"predecessor-version":[{"id":871,"href":"https:\/\/nicolasduclos.fr\/WordPress3\/wp-json\/wp\/v2\/tribe_events\/848\/revisions\/871"}],"wp:attachment":[{"href":"https:\/\/nicolasduclos.fr\/WordPress3\/wp-json\/wp\/v2\/media?parent=848"}],"wp:term":[{"taxonomy":"post_tag","embeddable":true,"href":"https:\/\/nicolasduclos.fr\/WordPress3\/wp-json\/wp\/v2\/tags?post=848"},{"taxonomy":"tribe_events_cat","embeddable":true,"href":"https:\/\/nicolasduclos.fr\/WordPress3\/wp-json\/wp\/v2\/tribe_events_cat?post=848"}],"curies":[{"name":"wp","href":"https:\/\/api.w.org\/{rel}","templated":true}]}}

Concert en mode « intime » en préparation du PIC du 30/3 : « Anne tu es là » (Nicolas Duclos chante Anne Sylvestre)

<p>Concert en mode « intime » en préparation de la représentation au Petit Ivry Cabaret du 30/3 pour lequel vous pouvez déjà réserver ici : <a href="https://petitivrycabaret.fr/2023/03/30/nicolas-duclos-anne-tu-es-la/">https://petitivrycabaret.fr/2023/03/30/nicolas-duclos-anne-tu-es-la/</a></p>
<p>Participation libre (montant suggéré : 10€)</p>
<p>&nbsp;</p>

<p>Concert en mode « intime » en préparation de la représentation au Petit Ivry Cabaret du 30/3 pour lequel vous pouvez déjà réserver ici : https://petitivrycabaret.fr/2023/03/30/nicolas-duclos-anne-tu-es-la/ Participation libre (montant suggéré : 10€) &nbsp;</p>
