{"id":636,"date":"2023-12-30T00:36:57","date_gmt":"2023-12-29T23:36:57","guid":{"rendered":"https:\/\/nicolasduclos.fr\/WordPress3\/?post_type=tribe_events&#038;p=636"},"modified":"2024-03-10T13:23:27","modified_gmt":"2024-03-10T12:23:27","slug":"anne-tu-es-la-au-pic-petit-ivry-cabaret-ex-forum-leo-ferre","status":"publish","type":"tribe_events","link":"https:\/\/nicolasduclos.fr\/WordPress3\/event\/anne-tu-es-la-au-pic-petit-ivry-cabaret-ex-forum-leo-ferre\/","title":{"rendered":"\u00ab\u00a0Anne tu es l\u00e0\u00a0\u00bb (Nicolas Duclos chante Anne Sylvestre)"},"content":{"rendered":"<p>Je suis si heureux de chanter pour la premi\u00e8re fois depuis le changement d&rsquo;\u00e9quipe (et de nom) dans ce lieu o\u00f9\u00a0<b>Anne Sylvestre<\/b>, qui y venait si souvent encourager les jeunes artistes, est encore si pr\u00e9sente. Pour m\u00e9moire, dans ce spectacle en solo au piano \u00ab\u00a0<b>Anne tu es l\u00e0<\/b>\u00a0\u00bb, j&rsquo;ai puis\u00e9 dans le r\u00e9pertoire (pour adultes) d\u2019Anne Sylvestre des chansons intimes, personnelles, des chansons qui nous parlent directement, pour continuer \u00e0 dialoguer et vous faire dialoguer avec elle. Bien que je sois un homme, bien que cette \u0153uvre immense soit encore intimidante pour moi,<b>\u00a0j&rsquo;ai eu envie de m\u2019emparer r\u00e9solument de ces chansons d\u2019amour, de col\u00e8re et de consolation, et de les faire miennes<\/b>. En attendant et pour vous donner envie d&rsquo;en parler autour de vous, revoici\u00a0<a href=\"https:\/\/youtu.be\/fkPVb3c975M?si=fM02vVT8VX8jVv6a\"><b>Rien qu&rsquo;une fois faire de vagues<\/b><\/a>\u00a0,\u00a0<b><a href=\"https:\/\/youtu.be\/153cjqgByPM?si=_cANsmkl8oTRb2pH\">Lazare et C\u00e9cile<\/a><\/b>\u00a0,\u00a0<b><a href=\"https:\/\/youtu.be\/NpW7y1UUZ58?si=gV_hjMyxybBLOiV-\">Tiens-toi droit<\/a><\/b>\u00a0, et puis ma chanson hommage qui fait aussi partie du spectacle et qui lui a donn\u00e9 son titre :<b><a href=\"https:\/\/youtu.be\/4Y7OQTOs2ws?si=fFuMBmKa0Op4CjjN\">\u00a0Symphonie Alpestre (Anne tu es l\u00e0)\u00a0<\/a><\/b>.<\/p>\n<p><a href=\"https:\/\/nicolasduclos.fr\/WordPress3\/event\/anne-tu-es-la-au-pic-petit-ivry-cabaret-ex-forum-leo-ferre\/418810716_122133699326113585_8622780478434051436_n\/\" rel=\"attachment wp-att-872\"><img loading=\"lazy\" decoding=\"async\" class=\" wp-image-872 alignleft\" src=\"https:\/\/nicolasduclos.fr\/WordPress3\/wp-content\/uploads\/2023\/12\/418810716_122133699326113585_8622780478434051436_n-200x300.jpg\" alt=\"\" width=\"153\" height=\"230\" srcset=\"https:\/\/nicolasduclos.fr\/WordPress3\/wp-content\/uploads\/2023\/12\/418810716_122133699326113585_8622780478434051436_n-200x300.jpg 200w, https:\/\/nicolasduclos.fr\/WordPress3\/wp-content\/uploads\/2023\/12\/418810716_122133699326113585_8622780478434051436_n-683x1024.jpg 683w, https:\/\/nicolasduclos.fr\/WordPress3\/wp-content\/uploads\/2023\/12\/418810716_122133699326113585_8622780478434051436_n-768x1152.jpg 768w, https:\/\/nicolasduclos.fr\/WordPress3\/wp-content\/uploads\/2023\/12\/418810716_122133699326113585_8622780478434051436_n-1024x1536.jpg 1024w, https:\/\/nicolasduclos.fr\/WordPress3\/wp-content\/uploads\/2023\/12\/418810716_122133699326113585_8622780478434051436_n.jpg 1200w\" sizes=\"auto, (max-width: 153px) 100vw, 153px\" \/><\/a> <a href=\"https:\/\/nicolasduclos.fr\/WordPress3\/event\/anne-tu-es-la-au-pic-petit-ivry-cabaret-ex-forum-leo-ferre\/logo-site-jpeg-930x1024\/\" rel=\"attachment wp-att-873\"><img loading=\"lazy\" decoding=\"async\" class=\" wp-image-873 alignleft\" src=\"https:\/\/nicolasduclos.fr\/WordPress3\/wp-content\/uploads\/2023\/12\/Logo-site.jpeg-930x1024-1-272x300.jpg\" alt=\"\" width=\"203\" height=\"224\" srcset=\"https:\/\/nicolasduclos.fr\/WordPress3\/wp-content\/uploads\/2023\/12\/Logo-site.jpeg-930x1024-1-272x300.jpg 272w, https:\/\/nicolasduclos.fr\/WordPress3\/wp-content\/uploads\/2023\/12\/Logo-site.jpeg-930x1024-1-768x846.jpg 768w, https:\/\/nicolasduclos.fr\/WordPress3\/wp-content\/uploads\/2023\/12\/Logo-site.jpeg-930x1024-1.jpg 930w\" sizes=\"auto, (max-width: 203px) 100vw, 203px\" \/><\/a><\/p>\n<p><a href=\"https:\/\/nicolasduclos.fr\/WordPress3\/event\/anne-tu-es-la-au-pic-petit-ivry-cabaret-ex-forum-leo-ferre\/olympus-digital-camera-11\/\" rel=\"attachment wp-att-874\"><img loading=\"lazy\" decoding=\"async\" class=\"size-medium wp-image-874\" src=\"https:\/\/nicolasduclos.fr\/WordPress3\/wp-content\/uploads\/2023\/12\/OI000218-2048x1536-1-300x225.jpg\" alt=\"\" width=\"300\" height=\"225\" srcset=\"https:\/\/nicolasduclos.fr\/WordPress3\/wp-content\/uploads\/2023\/12\/OI000218-2048x1536-1-300x225.jpg 300w, https:\/\/nicolasduclos.fr\/WordPress3\/wp-content\/uploads\/2023\/12\/OI000218-2048x1536-1-1024x768.jpg 1024w, https:\/\/nicolasduclos.fr\/WordPress3\/wp-content\/uploads\/2023\/12\/OI000218-2048x1536-1-768x576.jpg 768w, https:\/\/nicolasduclos.fr\/WordPress3\/wp-content\/uploads\/2023\/12\/OI000218-2048x1536-1-1536x1152.jpg 1536w, https:\/\/nicolasduclos.fr\/WordPress3\/wp-content\/uploads\/2023\/12\/OI000218-2048x1536-1.jpg 2048w\" sizes=\"auto, (max-width: 300px) 100vw, 300px\" \/><\/a><\/p>\n<p>&nbsp;<\/p>\n<p>Photos : Bernard Carr\u00e9 et Catherine Escarret<\/p>\n","protected":false},"excerpt":{"rendered":"<p>Je suis si heureux de chanter pour la premi\u00e8re fois depuis le changement d&rsquo;\u00e9quipe (et de nom) dans ce lieu o\u00f9\u00a0Anne Sylvestre, qui y venait si souvent encourager les jeunes [&hellip;]<\/p>\n","protected":false},"author":1,"featured_media":0,"comment_status":"closed","ping_status":"closed","template":"","meta":{"_EventAllDay":false,"_EventTimezone":"Europe\/Paris","_EventStartDate":"2024-03-30 20:30:00","_EventEndDate":"2024-03-30 22:00:00","_EventStartDateUTC":"2024-03-30 19:30:00","_EventEndDateUTC":"2024-03-30 21:00:00","_EventShowMap":true,"_EventShowMapLink":true,"_EventURL":"https:\/\/petitivrycabaret.fr\/2023\/03\/30\/nicolas-duclos-anne-tu-es-la\/","_EventCost":"17 \/ 13 \/ 10","_EventCostDescription":"","_EventCurrencySymbol":"\u20ac","_EventCurrencyCode":"","_EventCurrencyPosition":"suffix","_EventDateTimeSeparator":"","_EventTimeRangeSeparator":"","_EventOrganizerID":[],"_EventVenueID":[637],"_OrganizerEmail":"","_OrganizerPhone":"","_OrganizerWebsite":"","_VenueAddress":"","_VenueCity":"","_VenueCountry":"","_VenueProvince":"","_VenueState":"","_VenueZip":"","_VenuePhone":"","_VenueURL":"","_VenueStateProvince":"","_VenueLat":"","_VenueLng":"","_VenueShowMap":false,"_VenueShowMapLink":false,"_tribe_events_status":"","_tribe_events_status_reason":"","footnotes":""},"tags":[],"tribe_events_cat":[],"class_list":["post-636","tribe_events","type-tribe_events","status-publish","hentry"],"_links":{"self":[{"href":"https:\/\/nicolasduclos.fr\/WordPress3\/wp-json\/wp\/v2\/tribe_events\/636","targetHints":{"allow":["GET"]}}],"collection":[{"href":"https:\/\/nicolasduclos.fr\/WordPress3\/wp-json\/wp\/v2\/tribe_events"}],"about":[{"href":"https:\/\/nicolasduclos.fr\/WordPress3\/wp-json\/wp\/v2\/types\/tribe_events"}],"author":[{"embeddable":true,"href":"https:\/\/nicolasduclos.fr\/WordPress3\/wp-json\/wp\/v2\/users\/1"}],"replies":[{"embeddable":true,"href":"https:\/\/nicolasduclos.fr\/WordPress3\/wp-json\/wp\/v2\/comments?post=636"}],"version-history":[{"count":7,"href":"https:\/\/nicolasduclos.fr\/WordPress3\/wp-json\/wp\/v2\/tribe_events\/636\/revisions"}],"predecessor-version":[{"id":876,"href":"https:\/\/nicolasduclos.fr\/WordPress3\/wp-json\/wp\/v2\/tribe_events\/636\/revisions\/876"}],"wp:attachment":[{"href":"https:\/\/nicolasduclos.fr\/WordPress3\/wp-json\/wp\/v2\/media?parent=636"}],"wp:term":[{"taxonomy":"post_tag","embeddable":true,"href":"https:\/\/nicolasduclos.fr\/WordPress3\/wp-json\/wp\/v2\/tags?post=636"},{"taxonomy":"tribe_events_cat","embeddable":true,"href":"https:\/\/nicolasduclos.fr\/WordPress3\/wp-json\/wp\/v2\/tribe_events_cat?post=636"}],"curies":[{"name":"wp","href":"https:\/\/api.w.org\/{rel}","templated":true}]}}

« Anne tu es là » (Nicolas Duclos chante Anne Sylvestre)

<p>Je suis si heureux de chanter pour la première fois depuis le changement d&rsquo;équipe (et de nom) dans ce lieu où <b>Anne Sylvestre</b>, qui y venait si souvent encourager les jeunes artistes, est encore si présente. Pour mémoire, dans ce spectacle en solo au piano « <b>Anne tu es là</b> », j&rsquo;ai puisé dans le répertoire (pour adultes) d’Anne Sylvestre des chansons intimes, personnelles, des chansons qui nous parlent directement, pour continuer à dialoguer et vous faire dialoguer avec elle. Bien que je sois un homme, bien que cette œuvre immense soit encore intimidante pour moi,<b> j&rsquo;ai eu envie de m’emparer résolument de ces chansons d’amour, de colère et de consolation, et de les faire miennes</b>. En attendant et pour vous donner envie d&rsquo;en parler autour de vous, revoici <a href="https://youtu.be/fkPVb3c975M?si=fM02vVT8VX8jVv6a"><b>Rien qu&rsquo;une fois faire de vagues</b></a> , <b><a href="https://youtu.be/153cjqgByPM?si=_cANsmkl8oTRb2pH">Lazare et Cécile</a></b> , <b><a href="https://youtu.be/NpW7y1UUZ58?si=gV_hjMyxybBLOiV-">Tiens-toi droit</a></b> , et puis ma chanson hommage qui fait aussi partie du spectacle et qui lui a donné son titre :<b><a href="https://youtu.be/4Y7OQTOs2ws?si=fFuMBmKa0Op4CjjN"> Symphonie Alpestre (Anne tu es là) </a></b>.</p>
<p><a href="https://nicolasduclos.fr/WordPress3/event/anne-tu-es-la-au-pic-petit-ivry-cabaret-ex-forum-leo-ferre/418810716_122133699326113585_8622780478434051436_n/" rel="attachment wp-att-872"><img loading="lazy" decoding="async" class=" wp-image-872 alignleft" src="https://nicolasduclos.fr/WordPress3/wp-content/uploads/2023/12/418810716_122133699326113585_8622780478434051436_n-200x300.jpg" alt="" width="153" height="230" srcset="https://nicolasduclos.fr/WordPress3/wp-content/uploads/2023/12/418810716_122133699326113585_8622780478434051436_n-200x300.jpg 200w, https://nicolasduclos.fr/WordPress3/wp-content/uploads/2023/12/418810716_122133699326113585_8622780478434051436_n-683x1024.jpg 683w, https://nicolasduclos.fr/WordPress3/wp-content/uploads/2023/12/418810716_122133699326113585_8622780478434051436_n-768x1152.jpg 768w, https://nicolasduclos.fr/WordPress3/wp-content/uploads/2023/12/418810716_122133699326113585_8622780478434051436_n-1024x1536.jpg 1024w, https://nicolasduclos.fr/WordPress3/wp-content/uploads/2023/12/418810716_122133699326113585_8622780478434051436_n.jpg 1200w" sizes="auto, (max-width: 153px) 100vw, 153px" /></a> <a href="https://nicolasduclos.fr/WordPress3/event/anne-tu-es-la-au-pic-petit-ivry-cabaret-ex-forum-leo-ferre/logo-site-jpeg-930x1024/" rel="attachment wp-att-873"><img loading="lazy" decoding="async" class=" wp-image-873 alignleft" src="https://nicolasduclos.fr/WordPress3/wp-content/uploads/2023/12/Logo-site.jpeg-930x1024-1-272x300.jpg" alt="" width="203" height="224" srcset="https://nicolasduclos.fr/WordPress3/wp-content/uploads/2023/12/Logo-site.jpeg-930x1024-1-272x300.jpg 272w, https://nicolasduclos.fr/WordPress3/wp-content/uploads/2023/12/Logo-site.jpeg-930x1024-1-768x846.jpg 768w, https://nicolasduclos.fr/WordPress3/wp-content/uploads/2023/12/Logo-site.jpeg-930x1024-1.jpg 930w" sizes="auto, (max-width: 203px) 100vw, 203px" /></a></p>
<p><a href="https://nicolasduclos.fr/WordPress3/event/anne-tu-es-la-au-pic-petit-ivry-cabaret-ex-forum-leo-ferre/olympus-digital-camera-11/" rel="attachment wp-att-874"><img loading="lazy" decoding="async" class="size-medium wp-image-874" src="https://nicolasduclos.fr/WordPress3/wp-content/uploads/2023/12/OI000218-2048x1536-1-300x225.jpg" alt="" width="300" height="225" srcset="https://nicolasduclos.fr/WordPress3/wp-content/uploads/2023/12/OI000218-2048x1536-1-300x225.jpg 300w, https://nicolasduclos.fr/WordPress3/wp-content/uploads/2023/12/OI000218-2048x1536-1-1024x768.jpg 1024w, https://nicolasduclos.fr/WordPress3/wp-content/uploads/2023/12/OI000218-2048x1536-1-768x576.jpg 768w, https://nicolasduclos.fr/WordPress3/wp-content/uploads/2023/12/OI000218-2048x1536-1-1536x1152.jpg 1536w, https://nicolasduclos.fr/WordPress3/wp-content/uploads/2023/12/OI000218-2048x1536-1.jpg 2048w" sizes="auto, (max-width: 300px) 100vw, 300px" /></a></p>
<p>&nbsp;</p>
<p>Photos : Bernard Carré et Catherine Escarret</p>

<p>Je suis si heureux de chanter pour la première fois depuis le changement d&rsquo;équipe (et de nom) dans ce lieu où Anne Sylvestre, qui y venait si souvent encourager les jeunes [&hellip;]</p>
